{"id":1004,"date":"2023-07-13T12:26:30","date_gmt":"2023-07-13T10:26:30","guid":{"rendered":"http:\/\/www.galerie-slavik.com\/en\/kuenstler\/nicola-heidemann\/"},"modified":"2025-12-10T23:04:09","modified_gmt":"2025-12-10T22:04:09","slug":"nicola-heidemann","status":"publish","type":"page","link":"https:\/\/www.galerie-slavik.com\/en\/nicola-heidemann\/","title":{"rendered":"Nicola Heidemann"},"content":{"rendered":"<div class=\"wpb-content-wrapper\"><div class=\"biografie\">\n<div id=\"post_thumbnail\"><img src=\"https:\/\/www.galerie-slavik.com\/wp-content\/uploads\/2016\/05\/k193.jpg\" class=\"attachment-full size-full wp-post-image\" alt=\"\" decoding=\"async\" srcset=\"https:\/\/www.galerie-slavik.com\/wp-content\/uploads\/2016\/05\/k193.jpg 320w, https:\/\/www.galerie-slavik.com\/wp-content\/uploads\/2016\/05\/k193-250x345.jpg 250w, https:\/\/www.galerie-slavik.com\/wp-content\/uploads\/2016\/05\/k193-120x166.jpg 120w\" sizes=\"(max-width: 320px) 100vw, 320px\" \/><\/div>\n<h2>Biographie<\/h2>\n<ul>\n<li>geboren 1965 in M\u00fcnchen<\/li>\n<li>Gymnasium bis 1984<\/li>\n<li>Beginn der Arbeit als Goldschmiedin autodidaktisch<\/li>\n<li>Besch\u00e4ftigung mit Malerei, Zeichnung, Fotografie<\/li>\n<li>Arbeit als Kameraassistentin f\u00fcr Dokumentarfilme<\/li>\n<li>Lichttechnikerin f\u00fcr Veranstaltungen<\/li>\n<li><\/li>\n<\/ul>\n<h2>Scholarships<\/h2>\n<ul>\n<li><span class=\"zeitraum\">2017 <\/span>Artist in Residence in Reykjavik, Iceland<\/li>\n<\/ul>\n<h2>Awards<\/h2>\n<ul>\n<li><span class=\"zeitraum\">2017 <\/span>Venice (I), Design Week,<br \/>\nFirst Prize<\/li>\n<li><span class=\"zeitraum\">2017 <\/span>Nomination for the Danner- Prize, Munich (Ger)<\/li>\n<li><span class=\"zeitraum\">2018 <\/span>Premio Fondazione Comminelli, San Felice del Benaco , IT<\/li>\n<li><span class=\"zeitraum\">2023 <\/span>nomination for the Danner Award, Landshut (Ger)<\/li>\n<\/ul>\n<h2>Exhibitions<\/h2>\n<ul>\n<li>Galerie Unikat, Passau (GER)<\/li>\n<li>Galerie Am Alten Rathaus, Regensburg (GER)<\/li>\n<li>Galerie alpha, W\u00fcrzburg (GER)<\/li>\n<li>Autrum Gallery, London (GB)<\/li>\n<li>JOYA Barcelona (ES)<\/li>\n<li>25 Jahre Galerie Slavik, Wien (AUT)<\/li>\n<li>INFLUENCES in Padova, Oratorio San Rocco, IT<\/li>\n<li>Beijing Inernational Jewelery Exhibition China<\/li>\n<li>LOOT , Museum of Arts and Design, New York USA<\/li>\n<li>\u201eRED\u201c exhibition Mobilia Gallery, Boston, USA<\/li>\n<li>\u201eMIRABILIA\u201c Galerie Par Mazlo Paris (F)<\/li>\n<li>\u201eWhat colour is metal?\u201c National Design &amp; Crafts Gallery, Ireland<\/li>\n<li><\/li>\n<\/ul>\n<h2>Publications<\/h2>\n<ul>\n<li><span class=\"zeitraum\">2015 <\/span>Premio Fondazione Cominelli , San Felice del Benaco (IT) &#8211; catalogue<\/li>\n<li><span class=\"zeitraum\">2016 <\/span>Schmuck, Stadtgespr\u00e4ch, Galerie Slavik, Wien (Aut) &#8211; catalogue<\/li>\n<li><span class=\"zeitraum\">2017 <\/span>Danner-Preis<br \/>\nMuseum Villa Stuck, Monaco (Ger) &#8211; catalogue<\/li>\n<li><span class=\"zeitraum\">2017 <\/span>Society of North American Goldsmiths: \u201eJewellery and Metalsmith Survey\u201c , Eugene USA<\/li>\n<li>Natura Pretiosa, Livorno (It) &#8211; catalogue<\/li>\n<li><span class=\"zeitraum\">2020 <\/span>\u201eInterplay. Jewellery creators respond to works of fine art\u201c Basel (ch)<\/li>\n<li>\u201eWhat colour is metal?\u201c , Design &amp; CraftsCouncil Ireland<\/li>\n<\/ul>\n<\/div>\n<p class=\"kuenstlerlink objekte-online\"><a href=\"http:\/\/www.galerie-slavik.com\/en\/produkt-kategorie\/nicola-heidemann-artist\/\">See all objects by Nicola Heidemann<\/a><\/p>\n<p>[vc_row]<\/p>\n<p>[vc_column]<\/p>\n<div class=\"woocommerce columns-4 \"><ul class=\"products columns-4\">\n<li class=\"product type-product post-17553 status-publish first instock product_cat-artist product_cat-bracelet product_cat-nicht-startrotation-en product_cat-nicola-heidemann-artist has-post-thumbnail product-type-simple\">\n\t<div class=\"product-artist\">Nicola Heidemann<\/div><div class=\"product-sku\">Nr. 119370<\/div><\/li>\n<li class=\"product type-product post-17549 status-publish instock product_cat-artist product_cat-necklace product_cat-nicht-startrotation-en product_cat-nicola-heidemann-artist has-post-thumbnail product-type-simple\">\n\t<div class=\"product-artist\">Nicola Heidemann<\/div><div class=\"product-sku\">Nr. 119369<\/div><\/li>\n<li class=\"product type-product post-17497 status-publish instock product_cat-artist product_cat-bracelet product_cat-nicht-startrotation-en product_cat-nicola-heidemann-artist has-post-thumbnail product-type-simple\">\n\t<div class=\"product-artist\">Nicola Heidemann<\/div><div class=\"product-sku\">Nr. 119368<\/div><\/li>\n<li class=\"product type-product post-17493 status-publish last instock product_cat-artist product_cat-nicht-startrotation-en product_cat-nicola-heidemann-artist product_cat-rings has-post-thumbnail product-type-simple\">\n\t<div class=\"product-artist\">Nicola Heidemann<\/div><div class=\"product-sku\">Nr. 119367<\/div><\/li>\n<li class=\"product type-product post-17310 status-publish first instock product_cat-artist product_cat-bracelet product_cat-nicht-startrotation-en product_cat-nicola-heidemann-artist has-post-thumbnail product-type-simple\">\n\t<div class=\"product-artist\">Nicola Heidemann<\/div><div class=\"product-sku\">Nr. 119366<\/div><\/li>\n<li class=\"product type-product post-17300 status-publish instock product_cat-artist product_cat-necklace product_cat-nicht-startrotation-en product_cat-nicola-heidemann-artist has-post-thumbnail product-type-simple\">\n\t<div class=\"product-artist\">Nicola Heidemann<\/div><div class=\"product-sku\">Nr. 119365<\/div><\/li>\n<li class=\"product type-product post-16915 status-publish instock product_cat-artist product_cat-brooches product_cat-nicola-heidemann-artist product_cat-startrotation-en has-post-thumbnail product-type-simple\">\n\t<div class=\"product-artist\">Nicola Heidemann<\/div><div class=\"product-sku\">Nr. 119364<\/div><\/li>\n<li class=\"product type-product post-16914 status-publish last instock product_cat-artist product_cat-necklace product_cat-nicola-heidemann-artist product_cat-startrotation-en has-post-thumbnail product-type-simple\">\n\t<div class=\"product-artist\">Nicola Heidemann<\/div><div class=\"product-sku\">Nr. 119363<\/div><\/li>\n<\/ul>\n<\/div>\n<p>[\/vc_column]<\/p>\n<p>[\/vc_row]<\/p>\n<\/div>","protected":false},"excerpt":{"rendered":"Biographie geboren 1965 in M\u00fcnchen Gymnasium bis 1984 Beginn der Arbeit als Goldschmiedin autodidaktisch Besch\u00e4ftigung mit Malerei, Zeichnung, Fotografie Arbeit als Kameraassistentin f\u00fcr Dokumentarfilme Lichttechnikerin f\u00fcr Veranstaltungen Scholarships 2017 Artist in Residence in Reykjavik, Iceland Awards 2017 Venice (I), Design Week, First Prize 2017 Nomination for the Danner- Prize, Munich (Ger) 2018 Premio Fondazione Comminelli,&#8230; <a class=\"view-article\" href=\"https:\/\/www.galerie-slavik.com\/en\/nicola-heidemann\/\">View Article<\/a>","protected":false},"author":4,"featured_media":793,"parent":0,"menu_order":0,"comment_status":"closed","ping_status":"open","template":"","meta":{"footnotes":""},"categories":[619],"tags":[],"_links":{"self":[{"href":"https:\/\/www.galerie-slavik.com\/en\/wp-json\/wp\/v2\/pages\/1004"}],"collection":[{"href":"https:\/\/www.galerie-slavik.com\/en\/wp-json\/wp\/v2\/pages"}],"about":[{"href":"https:\/\/www.galerie-slavik.com\/en\/wp-json\/wp\/v2\/types\/page"}],"author":[{"embeddable":true,"href":"https:\/\/www.galerie-slavik.com\/en\/wp-json\/wp\/v2\/users\/4"}],"replies":[{"embeddable":true,"href":"https:\/\/www.galerie-slavik.com\/en\/wp-json\/wp\/v2\/comments?post=1004"}],"version-history":[{"count":11,"href":"https:\/\/www.galerie-slavik.com\/en\/wp-json\/wp\/v2\/pages\/1004\/revisions"}],"predecessor-version":[{"id":17514,"href":"https:\/\/www.galerie-slavik.com\/en\/wp-json\/wp\/v2\/pages\/1004\/revisions\/17514"}],"wp:featuredmedia":[{"embeddable":true,"href":"https:\/\/www.galerie-slavik.com\/en\/wp-json\/wp\/v2\/media\/793"}],"wp:attachment":[{"href":"https:\/\/www.galerie-slavik.com\/en\/wp-json\/wp\/v2\/media?parent=1004"}],"wp:term":[{"taxonomy":"category","embeddable":true,"href":"https:\/\/www.galerie-slavik.com\/en\/wp-json\/wp\/v2\/categories?post=1004"},{"taxonomy":"post_tag","embeddable":true,"href":"https:\/\/www.galerie-slavik.com\/en\/wp-json\/wp\/v2\/tags?post=1004"}],"curies":[{"name":"wp","href":"https:\/\/api.w.org\/{rel}","templated":true}]}}

<div class="wpb-content-wrapper"><div class="biografie">
<div id="post_thumbnail"><img src="https://www.galerie-slavik.com/wp-content/uploads/2016/05/k193.jpg" class="attachment-full size-full wp-post-image" alt="" decoding="async" srcset="https://www.galerie-slavik.com/wp-content/uploads/2016/05/k193.jpg 320w, https://www.galerie-slavik.com/wp-content/uploads/2016/05/k193-250x345.jpg 250w, https://www.galerie-slavik.com/wp-content/uploads/2016/05/k193-120x166.jpg 120w" sizes="(max-width: 320px) 100vw, 320px" /></div>
<h2>Biographie</h2>
<ul>
<li>geboren 1965 in München</li>
<li>Gymnasium bis 1984</li>
<li>Beginn der Arbeit als Goldschmiedin autodidaktisch</li>
<li>Beschäftigung mit Malerei, Zeichnung, Fotografie</li>
<li>Arbeit als Kameraassistentin für Dokumentarfilme</li>
<li>Lichttechnikerin für Veranstaltungen</li>
<li></li>
</ul>
<h2>Scholarships</h2>
<ul>
<li><span class="zeitraum">2017 </span>Artist in Residence in Reykjavik, Iceland</li>
</ul>
<h2>Awards</h2>
<ul>
<li><span class="zeitraum">2017 </span>Venice (I), Design Week,<br />
First Prize</li>
<li><span class="zeitraum">2017 </span>Nomination for the Danner- Prize, Munich (Ger)</li>
<li><span class="zeitraum">2018 </span>Premio Fondazione Comminelli, San Felice del Benaco , IT</li>
<li><span class="zeitraum">2023 </span>nomination for the Danner Award, Landshut (Ger)</li>
</ul>
<h2>Exhibitions</h2>
<ul>
<li>Galerie Unikat, Passau (GER)</li>
<li>Galerie Am Alten Rathaus, Regensburg (GER)</li>
<li>Galerie alpha, Würzburg (GER)</li>
<li>Autrum Gallery, London (GB)</li>
<li>JOYA Barcelona (ES)</li>
<li>25 Jahre Galerie Slavik, Wien (AUT)</li>
<li>INFLUENCES in Padova, Oratorio San Rocco, IT</li>
<li>Beijing Inernational Jewelery Exhibition China</li>
<li>LOOT , Museum of Arts and Design, New York USA</li>
<li>„RED“ exhibition Mobilia Gallery, Boston, USA</li>
<li>„MIRABILIA“ Galerie Par Mazlo Paris (F)</li>
<li>„What colour is metal?“ National Design &amp; Crafts Gallery, Ireland</li>
<li></li>
</ul>
<h2>Publications</h2>
<ul>
<li><span class="zeitraum">2015 </span>Premio Fondazione Cominelli , San Felice del Benaco (IT) &#8211; catalogue</li>
<li><span class="zeitraum">2016 </span>Schmuck, Stadtgespräch, Galerie Slavik, Wien (Aut) &#8211; catalogue</li>
<li><span class="zeitraum">2017 </span>Danner-Preis<br />
Museum Villa Stuck, Monaco (Ger) &#8211; catalogue</li>
<li><span class="zeitraum">2017 </span>Society of North American Goldsmiths: „Jewellery and Metalsmith Survey“ , Eugene USA</li>
<li>Natura Pretiosa, Livorno (It) &#8211; catalogue</li>
<li><span class="zeitraum">2020 </span>„Interplay. Jewellery creators respond to works of fine art“ Basel (ch)</li>
<li>„What colour is metal?“ , Design &amp; CraftsCouncil Ireland</li>
</ul>
</div>
<p class="kuenstlerlink objekte-online"><a href="http://www.galerie-slavik.com/en/produkt-kategorie/nicola-heidemann-artist/">See all objects by Nicola Heidemann</a></p>
<p>[vc_row]</p>
<p>[vc_column]</p>
<div class="woocommerce columns-4 "><ul class="products columns-4">
<li class="product type-product post-17553 status-publish first instock product_cat-artist product_cat-bracelet product_cat-nicht-startrotation-en product_cat-nicola-heidemann-artist has-post-thumbnail product-type-simple">
	<div class="product-artist">Nicola Heidemann</div><div class="product-sku">Nr. 119370</div></li>
<li class="product type-product post-17549 status-publish instock product_cat-artist product_cat-necklace product_cat-nicht-startrotation-en product_cat-nicola-heidemann-artist has-post-thumbnail product-type-simple">
	<div class="product-artist">Nicola Heidemann</div><div class="product-sku">Nr. 119369</div></li>
<li class="product type-product post-17497 status-publish instock product_cat-artist product_cat-bracelet product_cat-nicht-startrotation-en product_cat-nicola-heidemann-artist has-post-thumbnail product-type-simple">
	<div class="product-artist">Nicola Heidemann</div><div class="product-sku">Nr. 119368</div></li>
<li class="product type-product post-17493 status-publish last instock product_cat-artist product_cat-nicht-startrotation-en product_cat-nicola-heidemann-artist product_cat-rings has-post-thumbnail product-type-simple">
	<div class="product-artist">Nicola Heidemann</div><div class="product-sku">Nr. 119367</div></li>
<li class="product type-product post-17310 status-publish first instock product_cat-artist product_cat-bracelet product_cat-nicht-startrotation-en product_cat-nicola-heidemann-artist has-post-thumbnail product-type-simple">
	<div class="product-artist">Nicola Heidemann</div><div class="product-sku">Nr. 119366</div></li>
<li class="product type-product post-17300 status-publish instock product_cat-artist product_cat-necklace product_cat-nicht-startrotation-en product_cat-nicola-heidemann-artist has-post-thumbnail product-type-simple">
	<div class="product-artist">Nicola Heidemann</div><div class="product-sku">Nr. 119365</div></li>
<li class="product type-product post-16915 status-publish instock product_cat-artist product_cat-brooches product_cat-nicola-heidemann-artist product_cat-startrotation-en has-post-thumbnail product-type-simple">
	<div class="product-artist">Nicola Heidemann</div><div class="product-sku">Nr. 119364</div></li>
<li class="product type-product post-16914 status-publish last instock product_cat-artist product_cat-necklace product_cat-nicola-heidemann-artist product_cat-startrotation-en has-post-thumbnail product-type-simple">
	<div class="product-artist">Nicola Heidemann</div><div class="product-sku">Nr. 119363</div></li>
</ul>
</div>
<p>[/vc_column]</p>
<p>[/vc_row]</p>
</div>

Biographie geboren 1965 in München Gymnasium bis 1984 Beginn der Arbeit als Goldschmiedin autodidaktisch Beschäftigung mit Malerei, Zeichnung, Fotografie Arbeit als Kameraassistentin für Dokumentarfilme Lichttechnikerin für Veranstaltungen Scholarships 2017 Artist in Residence in Reykjavik, Iceland Awards 2017 Venice (I), Design Week, First Prize 2017 Nomination for the Danner- Prize, Munich (Ger) 2018 Premio Fondazione Comminelli,&#8230; <a class="view-article" href="https://www.galerie-slavik.com/en/nicola-heidemann/">View Article</a>
