{"id":1061,"date":"2016-05-26T15:30:50","date_gmt":"2016-05-26T13:30:50","guid":{"rendered":"http:\/\/www.galerie-slavik.com\/en\/kuenstler\/christiane-iken\/"},"modified":"2018-09-25T23:14:22","modified_gmt":"2018-09-25T21:14:22","slug":"christiane-iken","status":"publish","type":"page","link":"https:\/\/www.galerie-slavik.com\/en\/christiane-iken\/","title":{"rendered":"Christiane Iken"},"content":{"rendered":"<div class=\"wpb-content-wrapper\"><div class=\"biografie\"><div id=\"post_thumbnail\"><img src=\"https:\/\/www.galerie-slavik.com\/wp-content\/uploads\/2016\/05\/k059.jpg\" class=\"attachment-full size-full wp-post-image\" alt=\"\" decoding=\"async\" srcset=\"https:\/\/www.galerie-slavik.com\/wp-content\/uploads\/2016\/05\/k059.jpg 300w, https:\/\/www.galerie-slavik.com\/wp-content\/uploads\/2016\/05\/k059-100x100.jpg 100w, https:\/\/www.galerie-slavik.com\/wp-content\/uploads\/2016\/05\/k059-150x150.jpg 150w, https:\/\/www.galerie-slavik.com\/wp-content\/uploads\/2016\/05\/k059-250x250.jpg 250w, https:\/\/www.galerie-slavik.com\/wp-content\/uploads\/2016\/05\/k059-120x120.jpg 120w\" sizes=\"(max-width: 300px) 100vw, 300px\" \/><\/div>\n<h2>Biographie<\/h2>\n<ul>\n<li><span class=\"zeitraum\">1955 <\/span>geboren in Wildeshausen<\/li>\n<li><span class=\"zeitraum\">1982 <\/span>Meisterpr\u00fcfung im Goldschmiedehandwerk in Karlsruhe<\/li>\n<li><span class=\"zeitraum\">1978-83 <\/span>Fachhochschule f\u00fcr Gestaltung in Pforzheim<\/li>\n<li><span class=\"zeitraum\">1980 <\/span>Diplom-Designer (FH)<\/li>\n<li><span class=\"zeitraum\">1984-87 <\/span>eigenes Atelier auf der Insel Fehmarn<\/li>\n<li><span class=\"zeitraum\">1989 <\/span>eigene Werkstatt<\/li>\n<\/ul>\n<h2>Awards<\/h2>\n<ul>\n<li><span class=\"zeitraum\">1999 <\/span>&#8220;Der rote Punkt&#8221; &#8211; Auszeichnung f\u00fcr hohe Designqualit\u00e4t<\/li>\n<li><span class=\"zeitraum\">2000 <\/span>Innovationspreis der Messe M\u00fcnchen<\/li>\n<\/ul>\n<h2>Exhibitions<\/h2>\n<ul>\n<li>Numerous international exhibitions.<\/li>\n<\/ul>\n<\/div>\n<p class=\"zitat\">\n<p class=\"kuenstlerlink objekte-online\"><a href=\"http:\/\/www.galerie-slavik.com\/en\/produkt-kategorie\/christiane-iken-artist\/\">See all objects by Christiane Iken<\/a><\/p>\n<p class=\"fotonachweis\">Christiane Iken<\/p>\n<p>[vc_row]<\/p>\n<p>[vc_column]<\/p>\n<div class=\"woocommerce columns-4 \"><ul class=\"products columns-4\">\n<li class=\"product type-product post-9221 status-publish first instock product_cat-artist product_cat-christiane-iken-artist product_cat-necklace product_cat-nicht-startrotation-en has-post-thumbnail product-type-simple\">\n\t<div class=\"product-artist\">Christiane Iken<\/div><div class=\"product-sku\">Nr. 105928<\/div><\/li>\n<\/ul>\n<\/div>\n<p>[\/vc_column]<\/p>\n<p>[\/vc_row]<\/p>\n<\/div>","protected":false},"excerpt":{"rendered":"Biographie 1955 geboren in Wildeshausen 1982 Meisterpr\u00fcfung im Goldschmiedehandwerk in Karlsruhe 1978-83 Fachhochschule f\u00fcr Gestaltung in Pforzheim 1980 Diplom-Designer (FH) 1984-87 eigenes Atelier auf der Insel Fehmarn 1989 eigene Werkstatt Awards 1999 &#8220;Der rote Punkt&#8221; &#8211; Auszeichnung f\u00fcr hohe Designqualit\u00e4t 2000 Innovationspreis der Messe M\u00fcnchen Exhibitions Numerous international exhibitions. See all objects by Christiane Iken&#8230; <a class=\"view-article\" href=\"https:\/\/www.galerie-slavik.com\/en\/christiane-iken\/\">View Article<\/a>","protected":false},"author":4,"featured_media":766,"parent":0,"menu_order":0,"comment_status":"closed","ping_status":"open","template":"","meta":{"footnotes":""},"categories":[135,619],"tags":[],"_links":{"self":[{"href":"https:\/\/www.galerie-slavik.com\/en\/wp-json\/wp\/v2\/pages\/1061"}],"collection":[{"href":"https:\/\/www.galerie-slavik.com\/en\/wp-json\/wp\/v2\/pages"}],"about":[{"href":"https:\/\/www.galerie-slavik.com\/en\/wp-json\/wp\/v2\/types\/page"}],"author":[{"embeddable":true,"href":"https:\/\/www.galerie-slavik.com\/en\/wp-json\/wp\/v2\/users\/4"}],"replies":[{"embeddable":true,"href":"https:\/\/www.galerie-slavik.com\/en\/wp-json\/wp\/v2\/comments?post=1061"}],"version-history":[{"count":3,"href":"https:\/\/www.galerie-slavik.com\/en\/wp-json\/wp\/v2\/pages\/1061\/revisions"}],"predecessor-version":[{"id":1656,"href":"https:\/\/www.galerie-slavik.com\/en\/wp-json\/wp\/v2\/pages\/1061\/revisions\/1656"}],"wp:featuredmedia":[{"embeddable":true,"href":"https:\/\/www.galerie-slavik.com\/en\/wp-json\/wp\/v2\/media\/766"}],"wp:attachment":[{"href":"https:\/\/www.galerie-slavik.com\/en\/wp-json\/wp\/v2\/media?parent=1061"}],"wp:term":[{"taxonomy":"category","embeddable":true,"href":"https:\/\/www.galerie-slavik.com\/en\/wp-json\/wp\/v2\/categories?post=1061"},{"taxonomy":"post_tag","embeddable":true,"href":"https:\/\/www.galerie-slavik.com\/en\/wp-json\/wp\/v2\/tags?post=1061"}],"curies":[{"name":"wp","href":"https:\/\/api.w.org\/{rel}","templated":true}]}}

<div class="wpb-content-wrapper"><div class="biografie"><div id="post_thumbnail"><img src="https://www.galerie-slavik.com/wp-content/uploads/2016/05/k059.jpg" class="attachment-full size-full wp-post-image" alt="" decoding="async" srcset="https://www.galerie-slavik.com/wp-content/uploads/2016/05/k059.jpg 300w, https://www.galerie-slavik.com/wp-content/uploads/2016/05/k059-100x100.jpg 100w, https://www.galerie-slavik.com/wp-content/uploads/2016/05/k059-150x150.jpg 150w, https://www.galerie-slavik.com/wp-content/uploads/2016/05/k059-250x250.jpg 250w, https://www.galerie-slavik.com/wp-content/uploads/2016/05/k059-120x120.jpg 120w" sizes="(max-width: 300px) 100vw, 300px" /></div>
<h2>Biographie</h2>
<ul>
<li><span class="zeitraum">1955 </span>geboren in Wildeshausen</li>
<li><span class="zeitraum">1982 </span>Meisterprüfung im Goldschmiedehandwerk in Karlsruhe</li>
<li><span class="zeitraum">1978-83 </span>Fachhochschule für Gestaltung in Pforzheim</li>
<li><span class="zeitraum">1980 </span>Diplom-Designer (FH)</li>
<li><span class="zeitraum">1984-87 </span>eigenes Atelier auf der Insel Fehmarn</li>
<li><span class="zeitraum">1989 </span>eigene Werkstatt</li>
</ul>
<h2>Awards</h2>
<ul>
<li><span class="zeitraum">1999 </span>&#8220;Der rote Punkt&#8221; &#8211; Auszeichnung für hohe Designqualität</li>
<li><span class="zeitraum">2000 </span>Innovationspreis der Messe München</li>
</ul>
<h2>Exhibitions</h2>
<ul>
<li>Numerous international exhibitions.</li>
</ul>
</div>
<p class="zitat">
<p class="kuenstlerlink objekte-online"><a href="http://www.galerie-slavik.com/en/produkt-kategorie/christiane-iken-artist/">See all objects by Christiane Iken</a></p>
<p class="fotonachweis">Christiane Iken</p>
<p>[vc_row]</p>
<p>[vc_column]</p>
<div class="woocommerce columns-4 "><ul class="products columns-4">
<li class="product type-product post-9221 status-publish first instock product_cat-artist product_cat-christiane-iken-artist product_cat-necklace product_cat-nicht-startrotation-en has-post-thumbnail product-type-simple">
	<div class="product-artist">Christiane Iken</div><div class="product-sku">Nr. 105928</div></li>
</ul>
</div>
<p>[/vc_column]</p>
<p>[/vc_row]</p>
</div>

Biographie 1955 geboren in Wildeshausen 1982 Meisterprüfung im Goldschmiedehandwerk in Karlsruhe 1978-83 Fachhochschule für Gestaltung in Pforzheim 1980 Diplom-Designer (FH) 1984-87 eigenes Atelier auf der Insel Fehmarn 1989 eigene Werkstatt Awards 1999 &#8220;Der rote Punkt&#8221; &#8211; Auszeichnung für hohe Designqualität 2000 Innovationspreis der Messe München Exhibitions Numerous international exhibitions. See all objects by Christiane Iken&#8230; <a class="view-article" href="https://www.galerie-slavik.com/en/christiane-iken/">View Article</a>
