{"id":1083,"date":"2016-07-12T11:45:12","date_gmt":"2016-07-12T09:45:12","guid":{"rendered":"http:\/\/www.galerie-slavik.com\/en\/kuenstler\/stephanie-jendis\/"},"modified":"2018-09-25T23:17:54","modified_gmt":"2018-09-25T21:17:54","slug":"stephanie-jendis","status":"publish","type":"page","link":"https:\/\/www.galerie-slavik.com\/en\/stephanie-jendis\/","title":{"rendered":"Stephanie Jendis"},"content":{"rendered":"<div class=\"wpb-content-wrapper\"><div class=\"biografie\"><div id=\"post_thumbnail\"><img src=\"https:\/\/www.galerie-slavik.com\/wp-content\/uploads\/2016\/07\/k145.jpg\" class=\"attachment-full size-full wp-post-image\" alt=\"\" decoding=\"async\" srcset=\"https:\/\/www.galerie-slavik.com\/wp-content\/uploads\/2016\/07\/k145.jpg 320w, https:\/\/www.galerie-slavik.com\/wp-content\/uploads\/2016\/07\/k145-250x257.jpg 250w, https:\/\/www.galerie-slavik.com\/wp-content\/uploads\/2016\/07\/k145-120x123.jpg 120w\" sizes=\"(max-width: 320px) 100vw, 320px\" \/><\/div>\n<h2>Biographie<\/h2>\n<ul>\n<li><span class=\"zeitraum\">1971 <\/span>in G\u00f6ttingen (D) geboren<\/li>\n<li><span class=\"zeitraum\">1991-1994 <\/span>Berufskolleg f\u00fcr Formgebung Schmuck und Ger\u00e4t, Goldschmiedeschule in Pforzheim<\/li>\n<li>Staatlich gepr\u00fcfte Formgeberin f\u00fcr Schmuck und Ger\u00e4t<\/li>\n<li><span class=\"zeitraum\">1994-1999 <\/span>Fachhochschule f\u00fcr Gestaltung in Pforzheim, Fachbereich Schmuck und Ger\u00e4t-Design<\/li>\n<li><span class=\"zeitraum\">1997 <\/span>Praxissemester in Amsterdam bei Lucy Sarneel<\/li>\n<li><span class=\"zeitraum\">1998 <\/span>Doplom, Dipl. Designerin (FH)<\/li>\n<li><span class=\"zeitraum\">1999-2000 <\/span>Jahresstipendium des DAAD (Deutscher Akademischer Austauschdienst)<\/li>\n<li><span class=\"zeitraum\">2003\/2004 <\/span>Gastdozentin an der Fachhochschule Idar-Oberstein, Fachbereich Edelstein- und Objektdesign<\/li>\n<li>seit 1998 wohnt und arbeitet in Amsterdam, NL<\/li>\n<\/ul>\n<\/div>\n<p class=\"zitat\">\n<p class=\"kuenstlerlink objekte-online\"><a href=\"http:\/\/www.galerie-slavik.com\/en\/produkt-kategorie\/stephanie-jendis-artist\/\">See all objects by Stephanie Jendis<\/a><\/p>\n<p class=\"fotonachweis\">\n<p>[vc_row]<\/p>\n<p>[vc_column]<\/p>\n<div class=\"woocommerce columns-4 \"><ul class=\"products columns-4\">\n<li class=\"product type-product post-13325 status-publish first instock product_cat-artist product_cat-brooches product_cat-nicht-startrotation-en product_cat-stephanie-jendis-artist has-post-thumbnail product-type-simple\">\n\t<div class=\"product-artist\">Stephanie Jendis<\/div><div class=\"product-sku\">Nr. 114520<\/div><\/li>\n<li class=\"product type-product post-13324 status-publish instock product_cat-artist product_cat-earrings product_cat-nicht-startrotation-en product_cat-stephanie-jendis-artist has-post-thumbnail product-type-simple\">\n\t<div class=\"product-artist\">Stephanie Jendis<\/div><div class=\"product-sku\">Nr. 114519<\/div><\/li>\n<li class=\"product type-product post-13323 status-publish instock product_cat-artist product_cat-nicht-startrotation-en product_cat-rings product_cat-stephanie-jendis-artist has-post-thumbnail product-type-simple\">\n\t<div class=\"product-artist\">Stephanie Jendis<\/div><div class=\"product-sku\">Nr. 114518<\/div><\/li>\n<li class=\"product type-product post-13322 status-publish last instock product_cat-artist product_cat-necklace product_cat-nicht-startrotation-en product_cat-stephanie-jendis-artist has-post-thumbnail product-type-simple\">\n\t<div class=\"product-artist\">Stephanie Jendis<\/div><div class=\"product-sku\">Nr. 114517<\/div><\/li>\n<li class=\"product type-product post-10968 status-publish first instock product_cat-artist product_cat-brooches product_cat-nicht-startrotation-en product_cat-stephanie-jendis-artist has-post-thumbnail product-type-simple\">\n\t<div class=\"product-artist\">Stephanie Jendis<\/div><div class=\"product-sku\">Nr. 114514<\/div><\/li>\n<li class=\"product type-product post-10970 status-publish instock product_cat-artist product_cat-brooches product_cat-nicht-startrotation-en product_cat-stephanie-jendis-artist has-post-thumbnail product-type-simple\">\n\t<div class=\"product-artist\">Stephanie Jendis<\/div><div class=\"product-sku\">Nr. 114516<\/div><\/li>\n<li class=\"product type-product post-10969 status-publish instock product_cat-artist product_cat-earrings product_cat-nicht-startrotation-en product_cat-stephanie-jendis-artist has-post-thumbnail product-type-simple\">\n\t<div class=\"product-artist\">Stephanie Jendis<\/div><div class=\"product-sku\">Nr. 114515<\/div><\/li>\n<li class=\"product type-product post-10535 status-publish last instock product_cat-artist product_cat-nicht-startrotation-en product_cat-rings product_cat-stephanie-jendis-artist has-post-thumbnail product-type-simple\">\n\t<div class=\"product-artist\">Stephanie Jendis<\/div><div class=\"product-sku\">Nr. 114512<\/div><\/li>\n<\/ul>\n<\/div>\n<p>[\/vc_column]<\/p>\n<p>[\/vc_row]<\/p>\n<\/div>","protected":false},"excerpt":{"rendered":"Biographie 1971 in G\u00f6ttingen (D) geboren 1991-1994 Berufskolleg f\u00fcr Formgebung Schmuck und Ger\u00e4t, Goldschmiedeschule in Pforzheim Staatlich gepr\u00fcfte Formgeberin f\u00fcr Schmuck und Ger\u00e4t 1994-1999 Fachhochschule f\u00fcr Gestaltung in Pforzheim, Fachbereich Schmuck und Ger\u00e4t-Design 1997 Praxissemester in Amsterdam bei Lucy Sarneel 1998 Doplom, Dipl. Designerin (FH) 1999-2000 Jahresstipendium des DAAD (Deutscher Akademischer Austauschdienst) 2003\/2004 Gastdozentin an&#8230; <a class=\"view-article\" href=\"https:\/\/www.galerie-slavik.com\/en\/stephanie-jendis\/\">View Article<\/a>","protected":false},"author":4,"featured_media":5916,"parent":0,"menu_order":0,"comment_status":"closed","ping_status":"open","template":"","meta":{"footnotes":""},"categories":[135,619],"tags":[],"_links":{"self":[{"href":"https:\/\/www.galerie-slavik.com\/en\/wp-json\/wp\/v2\/pages\/1083"}],"collection":[{"href":"https:\/\/www.galerie-slavik.com\/en\/wp-json\/wp\/v2\/pages"}],"about":[{"href":"https:\/\/www.galerie-slavik.com\/en\/wp-json\/wp\/v2\/types\/page"}],"author":[{"embeddable":true,"href":"https:\/\/www.galerie-slavik.com\/en\/wp-json\/wp\/v2\/users\/4"}],"replies":[{"embeddable":true,"href":"https:\/\/www.galerie-slavik.com\/en\/wp-json\/wp\/v2\/comments?post=1083"}],"version-history":[{"count":4,"href":"https:\/\/www.galerie-slavik.com\/en\/wp-json\/wp\/v2\/pages\/1083\/revisions"}],"predecessor-version":[{"id":5938,"href":"https:\/\/www.galerie-slavik.com\/en\/wp-json\/wp\/v2\/pages\/1083\/revisions\/5938"}],"wp:featuredmedia":[{"embeddable":true,"href":"https:\/\/www.galerie-slavik.com\/en\/wp-json\/wp\/v2\/media\/5916"}],"wp:attachment":[{"href":"https:\/\/www.galerie-slavik.com\/en\/wp-json\/wp\/v2\/media?parent=1083"}],"wp:term":[{"taxonomy":"category","embeddable":true,"href":"https:\/\/www.galerie-slavik.com\/en\/wp-json\/wp\/v2\/categories?post=1083"},{"taxonomy":"post_tag","embeddable":true,"href":"https:\/\/www.galerie-slavik.com\/en\/wp-json\/wp\/v2\/tags?post=1083"}],"curies":[{"name":"wp","href":"https:\/\/api.w.org\/{rel}","templated":true}]}}

<div class="wpb-content-wrapper"><div class="biografie"><div id="post_thumbnail"><img src="https://www.galerie-slavik.com/wp-content/uploads/2016/07/k145.jpg" class="attachment-full size-full wp-post-image" alt="" decoding="async" srcset="https://www.galerie-slavik.com/wp-content/uploads/2016/07/k145.jpg 320w, https://www.galerie-slavik.com/wp-content/uploads/2016/07/k145-250x257.jpg 250w, https://www.galerie-slavik.com/wp-content/uploads/2016/07/k145-120x123.jpg 120w" sizes="(max-width: 320px) 100vw, 320px" /></div>
<h2>Biographie</h2>
<ul>
<li><span class="zeitraum">1971 </span>in Göttingen (D) geboren</li>
<li><span class="zeitraum">1991-1994 </span>Berufskolleg für Formgebung Schmuck und Gerät, Goldschmiedeschule in Pforzheim</li>
<li>Staatlich geprüfte Formgeberin für Schmuck und Gerät</li>
<li><span class="zeitraum">1994-1999 </span>Fachhochschule für Gestaltung in Pforzheim, Fachbereich Schmuck und Gerät-Design</li>
<li><span class="zeitraum">1997 </span>Praxissemester in Amsterdam bei Lucy Sarneel</li>
<li><span class="zeitraum">1998 </span>Doplom, Dipl. Designerin (FH)</li>
<li><span class="zeitraum">1999-2000 </span>Jahresstipendium des DAAD (Deutscher Akademischer Austauschdienst)</li>
<li><span class="zeitraum">2003/2004 </span>Gastdozentin an der Fachhochschule Idar-Oberstein, Fachbereich Edelstein- und Objektdesign</li>
<li>seit 1998 wohnt und arbeitet in Amsterdam, NL</li>
</ul>
</div>
<p class="zitat">
<p class="kuenstlerlink objekte-online"><a href="http://www.galerie-slavik.com/en/produkt-kategorie/stephanie-jendis-artist/">See all objects by Stephanie Jendis</a></p>
<p class="fotonachweis">
<p>[vc_row]</p>
<p>[vc_column]</p>
<div class="woocommerce columns-4 "><ul class="products columns-4">
<li class="product type-product post-13325 status-publish first instock product_cat-artist product_cat-brooches product_cat-nicht-startrotation-en product_cat-stephanie-jendis-artist has-post-thumbnail product-type-simple">
	<div class="product-artist">Stephanie Jendis</div><div class="product-sku">Nr. 114520</div></li>
<li class="product type-product post-13324 status-publish instock product_cat-artist product_cat-earrings product_cat-nicht-startrotation-en product_cat-stephanie-jendis-artist has-post-thumbnail product-type-simple">
	<div class="product-artist">Stephanie Jendis</div><div class="product-sku">Nr. 114519</div></li>
<li class="product type-product post-13323 status-publish instock product_cat-artist product_cat-nicht-startrotation-en product_cat-rings product_cat-stephanie-jendis-artist has-post-thumbnail product-type-simple">
	<div class="product-artist">Stephanie Jendis</div><div class="product-sku">Nr. 114518</div></li>
<li class="product type-product post-13322 status-publish last instock product_cat-artist product_cat-necklace product_cat-nicht-startrotation-en product_cat-stephanie-jendis-artist has-post-thumbnail product-type-simple">
	<div class="product-artist">Stephanie Jendis</div><div class="product-sku">Nr. 114517</div></li>
<li class="product type-product post-10968 status-publish first instock product_cat-artist product_cat-brooches product_cat-nicht-startrotation-en product_cat-stephanie-jendis-artist has-post-thumbnail product-type-simple">
	<div class="product-artist">Stephanie Jendis</div><div class="product-sku">Nr. 114514</div></li>
<li class="product type-product post-10970 status-publish instock product_cat-artist product_cat-brooches product_cat-nicht-startrotation-en product_cat-stephanie-jendis-artist has-post-thumbnail product-type-simple">
	<div class="product-artist">Stephanie Jendis</div><div class="product-sku">Nr. 114516</div></li>
<li class="product type-product post-10969 status-publish instock product_cat-artist product_cat-earrings product_cat-nicht-startrotation-en product_cat-stephanie-jendis-artist has-post-thumbnail product-type-simple">
	<div class="product-artist">Stephanie Jendis</div><div class="product-sku">Nr. 114515</div></li>
<li class="product type-product post-10535 status-publish last instock product_cat-artist product_cat-nicht-startrotation-en product_cat-rings product_cat-stephanie-jendis-artist has-post-thumbnail product-type-simple">
	<div class="product-artist">Stephanie Jendis</div><div class="product-sku">Nr. 114512</div></li>
</ul>
</div>
<p>[/vc_column]</p>
<p>[/vc_row]</p>
</div>

Biographie 1971 in Göttingen (D) geboren 1991-1994 Berufskolleg für Formgebung Schmuck und Gerät, Goldschmiedeschule in Pforzheim Staatlich geprüfte Formgeberin für Schmuck und Gerät 1994-1999 Fachhochschule für Gestaltung in Pforzheim, Fachbereich Schmuck und Gerät-Design 1997 Praxissemester in Amsterdam bei Lucy Sarneel 1998 Doplom, Dipl. Designerin (FH) 1999-2000 Jahresstipendium des DAAD (Deutscher Akademischer Austauschdienst) 2003/2004 Gastdozentin an&#8230; <a class="view-article" href="https://www.galerie-slavik.com/en/stephanie-jendis/">View Article</a>
