{"id":1090,"date":"2016-09-15T16:31:24","date_gmt":"2016-09-15T14:31:24","guid":{"rendered":"http:\/\/www.galerie-slavik.com\/en\/kuenstler\/letizia-plankensteiner\/"},"modified":"2018-09-25T23:17:00","modified_gmt":"2018-09-25T21:17:00","slug":"letizia-plankensteiner","status":"publish","type":"page","link":"https:\/\/www.galerie-slavik.com\/en\/letizia-plankensteiner\/","title":{"rendered":"Letizia Plankensteiner"},"content":{"rendered":"<div class=\"wpb-content-wrapper\"><div class=\"biografie\"><div id=\"post_thumbnail\"><img src=\"https:\/\/www.galerie-slavik.com\/wp-content\/uploads\/2016\/05\/k166.jpg\" class=\"attachment-full size-full wp-post-image\" alt=\"\" decoding=\"async\" srcset=\"https:\/\/www.galerie-slavik.com\/wp-content\/uploads\/2016\/05\/k166.jpg 328w, https:\/\/www.galerie-slavik.com\/wp-content\/uploads\/2016\/05\/k166-250x312.jpg 250w, https:\/\/www.galerie-slavik.com\/wp-content\/uploads\/2016\/05\/k166-120x150.jpg 120w\" sizes=\"(max-width: 328px) 100vw, 328px\" \/><\/div>\n<h2>Biographie<\/h2>\n<ul>\n<li>Letizia Plankensteiner<\/li>\n<li>Geboren am 28.05.1979<\/li>\n<li><span class=\"zeitraum\">1993-97 <\/span>HTL Fachschule f\u00fcr Bildhauerei, Innsbruck<\/li>\n<li>Abschluss mit Gesellenbrief f\u00fcr Holz- und Steinbildhauerin<\/li>\n<li><span class=\"zeitraum\">1997-98 <\/span>Kunstuniversit\u00e4t Linz-<\/li>\n<li>Meisterklasse Bilderhauerei (Prof. Erwin Reiter)<\/li>\n<li><span class=\"zeitraum\">1998-2001 <\/span>Goldschmiede Lehre bei Fa. Piegger in Zirl in Tirol<\/li>\n<li>Abschluss mit Gesellenpr\u00fcfung Gold-u. Silberschmiedin<\/li>\n<li><span class=\"zeitraum\">2001-2006 <\/span>angestellt als Goldschmiedin bei Juwelier Gamsj\u00e4ger, Telfs<\/li>\n<li>seit November 2006<\/li>\n<li>t\u00e4tig als freischaffende K\u00fcnstlerin\/Goldschmiedin in eigener Werkst\u00e4tte<\/li>\n<\/ul>\n<\/div>\n<p class=\"zitat\">\n<p class=\"kuenstlerlink objekte-online\"><a href=\"http:\/\/www.galerie-slavik.com\/en\/produkt-kategorie\/letizia-plankensteiner-artist\/\">See all objects by Letizia Plankensteiner<\/a><\/p>\n<p class=\"fotonachweis\">\n<p>[vc_row]<\/p>\n<p>[vc_column]<\/p>\n<div class=\"woocommerce columns-4 \"><ul class=\"products columns-4\">\n<li class=\"product type-product post-12389 status-publish first instock product_cat-artist product_cat-letizia-plankensteiner-artist product_cat-necklace product_cat-nicht-startrotation-en has-post-thumbnail product-type-simple\">\n\t<div class=\"product-artist\">Letizia Plankensteiner<\/div><div class=\"product-sku\">Nr. 116630<\/div><\/li>\n<li class=\"product type-product post-12388 status-publish instock product_cat-artist product_cat-earrings product_cat-letizia-plankensteiner-artist product_cat-nicht-startrotation-en has-post-thumbnail product-type-simple\">\n\t<div class=\"product-artist\">Letizia Plankensteiner<\/div><div class=\"product-sku\">Nr. 116629<\/div><\/li>\n<li class=\"product type-product post-11877 status-publish instock product_cat-artist product_cat-letizia-plankensteiner-artist product_cat-necklace product_cat-nicht-startrotation-en has-post-thumbnail product-type-simple\">\n\t<div class=\"product-artist\">Letizia Plankensteiner<\/div><div class=\"product-sku\">Nr. 116628<\/div><\/li>\n<li class=\"product type-product post-11876 status-publish last instock product_cat-artist product_cat-brooches product_cat-letizia-plankensteiner-artist product_cat-nicht-startrotation-en has-post-thumbnail product-type-simple\">\n\t<div class=\"product-artist\">Letizia Plankensteiner<\/div><div class=\"product-sku\">Nr. 116627<\/div><\/li>\n<li class=\"product type-product post-11494 status-publish first instock product_cat-artist product_cat-letizia-plankensteiner-artist product_cat-necklace product_cat-nicht-startrotation-en has-post-thumbnail product-type-simple\">\n\t<div class=\"product-artist\">Letizia Plankensteiner<\/div><div class=\"product-sku\">Nr. 116626<\/div><\/li>\n<li class=\"product type-product post-11401 status-publish instock product_cat-artist product_cat-brooches product_cat-letizia-plankensteiner-artist product_cat-nicht-startrotation-en has-post-thumbnail product-type-simple\">\n\t<div class=\"product-artist\">Letizia Plankensteiner<\/div><div class=\"product-sku\">Nr. 116624<\/div><\/li>\n<li class=\"product type-product post-11399 status-publish instock product_cat-artist product_cat-earrings product_cat-letizia-plankensteiner-artist product_cat-nicht-startrotation-en has-post-thumbnail product-type-simple\">\n\t<div class=\"product-artist\">Letizia Plankensteiner<\/div><div class=\"product-sku\">Nr. 116622<\/div><\/li>\n<li class=\"product type-product post-11474 status-publish last instock product_cat-artist product_cat-earrings product_cat-letizia-plankensteiner-artist product_cat-nicht-startrotation-en has-post-thumbnail product-type-simple\">\n\t<div class=\"product-artist\">Letizia Plankensteiner<\/div><div class=\"product-sku\">Nr. 116625<\/div><\/li>\n<\/ul>\n<\/div>\n<p>[\/vc_column]<\/p>\n<p>[\/vc_row]<\/p>\n<\/div>","protected":false},"excerpt":{"rendered":"Biographie Letizia Plankensteiner Geboren am 28.05.1979 1993-97 HTL Fachschule f\u00fcr Bildhauerei, Innsbruck Abschluss mit Gesellenbrief f\u00fcr Holz- und Steinbildhauerin 1997-98 Kunstuniversit\u00e4t Linz- Meisterklasse Bilderhauerei (Prof. Erwin Reiter) 1998-2001 Goldschmiede Lehre bei Fa. Piegger in Zirl in Tirol Abschluss mit Gesellenpr\u00fcfung Gold-u. Silberschmiedin 2001-2006 angestellt als Goldschmiedin bei Juwelier Gamsj\u00e4ger, Telfs seit November 2006 t\u00e4tig als&#8230; <a class=\"view-article\" href=\"https:\/\/www.galerie-slavik.com\/en\/letizia-plankensteiner\/\">View Article<\/a>","protected":false},"author":4,"featured_media":788,"parent":0,"menu_order":0,"comment_status":"closed","ping_status":"open","template":"","meta":{"footnotes":""},"categories":[135,619],"tags":[],"_links":{"self":[{"href":"https:\/\/www.galerie-slavik.com\/en\/wp-json\/wp\/v2\/pages\/1090"}],"collection":[{"href":"https:\/\/www.galerie-slavik.com\/en\/wp-json\/wp\/v2\/pages"}],"about":[{"href":"https:\/\/www.galerie-slavik.com\/en\/wp-json\/wp\/v2\/types\/page"}],"author":[{"embeddable":true,"href":"https:\/\/www.galerie-slavik.com\/en\/wp-json\/wp\/v2\/users\/4"}],"replies":[{"embeddable":true,"href":"https:\/\/www.galerie-slavik.com\/en\/wp-json\/wp\/v2\/comments?post=1090"}],"version-history":[{"count":4,"href":"https:\/\/www.galerie-slavik.com\/en\/wp-json\/wp\/v2\/pages\/1090\/revisions"}],"predecessor-version":[{"id":6004,"href":"https:\/\/www.galerie-slavik.com\/en\/wp-json\/wp\/v2\/pages\/1090\/revisions\/6004"}],"wp:featuredmedia":[{"embeddable":true,"href":"https:\/\/www.galerie-slavik.com\/en\/wp-json\/wp\/v2\/media\/788"}],"wp:attachment":[{"href":"https:\/\/www.galerie-slavik.com\/en\/wp-json\/wp\/v2\/media?parent=1090"}],"wp:term":[{"taxonomy":"category","embeddable":true,"href":"https:\/\/www.galerie-slavik.com\/en\/wp-json\/wp\/v2\/categories?post=1090"},{"taxonomy":"post_tag","embeddable":true,"href":"https:\/\/www.galerie-slavik.com\/en\/wp-json\/wp\/v2\/tags?post=1090"}],"curies":[{"name":"wp","href":"https:\/\/api.w.org\/{rel}","templated":true}]}}

<div class="wpb-content-wrapper"><div class="biografie"><div id="post_thumbnail"><img src="https://www.galerie-slavik.com/wp-content/uploads/2016/05/k166.jpg" class="attachment-full size-full wp-post-image" alt="" decoding="async" srcset="https://www.galerie-slavik.com/wp-content/uploads/2016/05/k166.jpg 328w, https://www.galerie-slavik.com/wp-content/uploads/2016/05/k166-250x312.jpg 250w, https://www.galerie-slavik.com/wp-content/uploads/2016/05/k166-120x150.jpg 120w" sizes="(max-width: 328px) 100vw, 328px" /></div>
<h2>Biographie</h2>
<ul>
<li>Letizia Plankensteiner</li>
<li>Geboren am 28.05.1979</li>
<li><span class="zeitraum">1993-97 </span>HTL Fachschule für Bildhauerei, Innsbruck</li>
<li>Abschluss mit Gesellenbrief für Holz- und Steinbildhauerin</li>
<li><span class="zeitraum">1997-98 </span>Kunstuniversität Linz-</li>
<li>Meisterklasse Bilderhauerei (Prof. Erwin Reiter)</li>
<li><span class="zeitraum">1998-2001 </span>Goldschmiede Lehre bei Fa. Piegger in Zirl in Tirol</li>
<li>Abschluss mit Gesellenprüfung Gold-u. Silberschmiedin</li>
<li><span class="zeitraum">2001-2006 </span>angestellt als Goldschmiedin bei Juwelier Gamsjäger, Telfs</li>
<li>seit November 2006</li>
<li>tätig als freischaffende Künstlerin/Goldschmiedin in eigener Werkstätte</li>
</ul>
</div>
<p class="zitat">
<p class="kuenstlerlink objekte-online"><a href="http://www.galerie-slavik.com/en/produkt-kategorie/letizia-plankensteiner-artist/">See all objects by Letizia Plankensteiner</a></p>
<p class="fotonachweis">
<p>[vc_row]</p>
<p>[vc_column]</p>
<div class="woocommerce columns-4 "><ul class="products columns-4">
<li class="product type-product post-12389 status-publish first instock product_cat-artist product_cat-letizia-plankensteiner-artist product_cat-necklace product_cat-nicht-startrotation-en has-post-thumbnail product-type-simple">
	<div class="product-artist">Letizia Plankensteiner</div><div class="product-sku">Nr. 116630</div></li>
<li class="product type-product post-12388 status-publish instock product_cat-artist product_cat-earrings product_cat-letizia-plankensteiner-artist product_cat-nicht-startrotation-en has-post-thumbnail product-type-simple">
	<div class="product-artist">Letizia Plankensteiner</div><div class="product-sku">Nr. 116629</div></li>
<li class="product type-product post-11877 status-publish instock product_cat-artist product_cat-letizia-plankensteiner-artist product_cat-necklace product_cat-nicht-startrotation-en has-post-thumbnail product-type-simple">
	<div class="product-artist">Letizia Plankensteiner</div><div class="product-sku">Nr. 116628</div></li>
<li class="product type-product post-11876 status-publish last instock product_cat-artist product_cat-brooches product_cat-letizia-plankensteiner-artist product_cat-nicht-startrotation-en has-post-thumbnail product-type-simple">
	<div class="product-artist">Letizia Plankensteiner</div><div class="product-sku">Nr. 116627</div></li>
<li class="product type-product post-11494 status-publish first instock product_cat-artist product_cat-letizia-plankensteiner-artist product_cat-necklace product_cat-nicht-startrotation-en has-post-thumbnail product-type-simple">
	<div class="product-artist">Letizia Plankensteiner</div><div class="product-sku">Nr. 116626</div></li>
<li class="product type-product post-11401 status-publish instock product_cat-artist product_cat-brooches product_cat-letizia-plankensteiner-artist product_cat-nicht-startrotation-en has-post-thumbnail product-type-simple">
	<div class="product-artist">Letizia Plankensteiner</div><div class="product-sku">Nr. 116624</div></li>
<li class="product type-product post-11399 status-publish instock product_cat-artist product_cat-earrings product_cat-letizia-plankensteiner-artist product_cat-nicht-startrotation-en has-post-thumbnail product-type-simple">
	<div class="product-artist">Letizia Plankensteiner</div><div class="product-sku">Nr. 116622</div></li>
<li class="product type-product post-11474 status-publish last instock product_cat-artist product_cat-earrings product_cat-letizia-plankensteiner-artist product_cat-nicht-startrotation-en has-post-thumbnail product-type-simple">
	<div class="product-artist">Letizia Plankensteiner</div><div class="product-sku">Nr. 116625</div></li>
</ul>
</div>
<p>[/vc_column]</p>
<p>[/vc_row]</p>
</div>

Biographie Letizia Plankensteiner Geboren am 28.05.1979 1993-97 HTL Fachschule für Bildhauerei, Innsbruck Abschluss mit Gesellenbrief für Holz- und Steinbildhauerin 1997-98 Kunstuniversität Linz- Meisterklasse Bilderhauerei (Prof. Erwin Reiter) 1998-2001 Goldschmiede Lehre bei Fa. Piegger in Zirl in Tirol Abschluss mit Gesellenprüfung Gold-u. Silberschmiedin 2001-2006 angestellt als Goldschmiedin bei Juwelier Gamsjäger, Telfs seit November 2006 tätig als&#8230; <a class="view-article" href="https://www.galerie-slavik.com/en/letizia-plankensteiner/">View Article</a>
